te the remainder when t is divided by 61.
59
Suppose -3*r + 135 = -0*r + 4*i, -5*r + 5*i + 190 = 0. Suppose -3*l + 82 + r = 0. What is the remainder when l is divided by 14?
13
Let k(r) = 38*r**2 - r - 2. Suppose -2*l + 12 = -2*z, l = 7*z - 3*z + 9. Calculate the remainder when k(z) is divided by 20.
17
Suppose 0 = 3*a + 3*y - 690, 6*y - y = 3*a - 690. Calculate the remainder when a is divided by 20.
10
Calculate the remainder when (-3)/((-30)/(-20)) - (1 + -169) is divided by 57.
52
Let i(f) = 3*f**2 - 7*f - 73. What is the remainder when i(-7) is divided by 21?
18
Let t = 6881 - 6873. Let m = -3 - -18. What is the remainder when m is divided by t?
7
Suppose -a - 2*a + 237 = 0. Let w be (1/(-4))/(3/(-492)). Suppose -4*r + 3*h = -99, -2*r + 2*h + 7 = -w. Calculate the remainder when a is divided by r.
25
Let q = -153 + 41. What is the remainder when 51 is divided by (-2)/(-16) + (-3010)/q?
24
Let h = 69 + -41. Let d = 2888 + -2807. Calculate the remainder when d is divided by h.
25
Let o(s) = s**3 + s**2 - s - 4. Let p be o(-2). Calculate the remainder when (-106)/p + (-6)/9 is divided by 5.
2
Let q(w) = 2*w - 1 - 1 - 3*w - 1. Let s be q(0). Calculate the remainder when 18 + s*(-4)/(-12) is divided by 5.
2
Suppose 130 = 3*w - 11*l + 13*l, 5*w - 2*l = 238. What is the remainder when w is divided by 5?
1
Suppose 0 = -g + 7*r - 9*r + 68, -5*g + 2*r + 292 = 0. What is the remainder when g is divided by 35?
25
Suppose 2*n + 0*v - 94 = 4*v, -4*n + 168 = -4*v. Calculate the remainder when 516 is divided by n.
35
Suppose -f - 4 = -81. Suppose -3*h + 58 = 10. Calculate the remainder when f is divided by h.
13
Let k = 195 - 182. What is the remainder when 1701 is divided by k?
11
Suppose -4*p + 290 = c, 2*p + c - 134 = 10. Suppose 4*l = -2*i + 92, -6*l = -3*l - 12. Calculate the remainder when p is divided by i.
35
What is the remainder when 592 is divided by 2/(0 - (-20)/330)?
31
Let v(x) = x**2 + x - 5. Let g be v(6). Let p = -19 + g. What is the remainder when 87 is divided by p?
15
Suppose 5*d = -4*q + 218, -2*d = -2*q - 63 - 17. Calculate the remainder when 124 is divided by d.
40
What is the remainder when 41 is divided by (-49)/(-5) + (-64)/(-320)?
1
Suppose 0*r - 3*r + 5 = -m, 16 = 4*m. Suppose -87 = -r*i - 5*n, -i + 5*n - 3*n + 29 = 0. Calculate the remainder when 115 is divided by i.
28
Suppose -5*v + 1115 = 5*l, -20*l + 681 = 3*v - 23*l. Calculate the remainder when v is divided by 54.
9
Suppose -3*i + 9 = 48. Let l = 20 + i. Suppose 1 = -v + l. What is the remainder when v is divided by 3?
0
Let a = 1 - 7. Let m be a/3 + (0 - 65). Let v = m - -98. What is the remainder when v is divided by 11?
9
Let g(p) = 4*p - 3. Let l be g(2). Let f be (-6)/30 - (-66)/l. Calculate the remainder when 11 is divided by (26/f)/((-4)/(-6)).
2
Let n(j) = j + 5. Let q be n(-6). Let v(h) = -42*h + 1. Suppose 6*b - 4*b = 46. What is the remainder when v(q) is divided by b?
20
Suppose -62 = 3*c + 82. Let v = -32 - c. Suppose 2*m = 5*m - 183. Calculate the remainder when m is divided by v.
13
Calculate the remainder when 550 + (2 + -3)*-9 is divided by 11.
9
Suppose w - i = -0 + 32, 0 = 2*i + 10. What is the remainder when 160 is divided by w?
25
Let y(r) = r + 4. Let t(b) = -14*b + 120. Calculate the remainder when y(8) is divided by t(8).
4
Let v be (6/6)/(2/(-12)). Let l = v + 60. What is the remainder when l is divided by 15?
9
Let f(k) = -3*k + 4. Calculate the remainder when 171/6*(-10 + 12) is divided by f(-4).
9
Suppose -369 = 5*o + 5*k + 191, 219 = -2*o - 3*k. Let q = -94 - o. Calculate the remainder when q is divided by 13.
10
Let s = 8 - -5. Suppose -3*m - 4*i + s + 33 = 0, 3*m + 3*i = 45. What is the remainder when m is divided by 5?
4
Suppose -25*j = 98 - 673. What is the remainder when j is divided by 5?
3
Let j(k) = -17*k - 12. Let h(g) = -18*g - 11. Let i(z) = -6*h(z) + 5*j(z). Let v be i(-4). Calculate the remainder when 6 is divided by v/(-16) + (-3)/8.
1
Suppose 0 = -6*y + y + 125. Suppose 0*o = 2*m - 4*o - 110, 0 = m - 3*o - 51. Let k = m - 16. Calculate the remainder when k is divided by y.
22
Let v = -557 + 384. Let y = -142 - v. Calculate the remainder when 246 is divided by y.
29
Calculate the remainder when 91 is divided by (406/(-49) + 8)*-70.
11
Let v(b) = -13*b - 13. Let m(i) = 1. Let y(g) = 13*m(g) + v(g). Suppose -34*f - 37 = 3*f. Calculate the remainder when 22 is divided by y(f).
9
Let m be (-5)/((-20)/114)*(-16)/12. Let p = m - -58. Calculate the remainder when 98 is divided by p.
18
Let t = 50 + -49. Suppose -g + 3 = -t. Calculate the remainder when g is divided by 2.
0
Suppose -26 + 50 = -2*f. Let n(w) = w**3 + 12*w**2 - 7*w - 1. Calculate the remainder when n(f) is divided by 23.
14
Let s(g) = 3*g - 29. Let u be s(14). Suppose -14*q + 19 = -u*q. Let k = -6 + q. What is the remainder when 64 is divided by k?
12
Suppose 10*u - 64 - 396 = 0. What is the remainder when 170 is divided by u?
32
Suppose -13 = 2*g - 3*g. Suppose -4*f + 31 + g = 0. Calculate the remainder when f is divided by 0 + (-8)/(-20)*10.
3
Let u = 139 - 201. Let o = 82 + u. Calculate the remainder when 79 is divided by o.
19
Let a = 431 + -423. Calculate the remainder when 126 is divided by a.
6
Let i = 101 + -99. Let y = i - -15. Calculate the remainder when 28 is divided by y.
11
Suppose -2*r + 186 = -4*f, -r + 317 = 3*r + 3*f. Suppose 5*a + t - 42 = 108, 126 = 4*a + 2*t. Calculate the remainder when r is divided by a.
25
Suppose -4*z = 20, 0 = -2*l - 5*z + 3*z - 4. Suppose 53*h = -5*d + 51*h + 28, -5*h = -20. Calculate the remainder when d is divided by l.
1
Let h(g) = 72*g**2 - 1. Let u(r) = r + 17. Let y be u(7). Let q = 42 - y. Calculate the remainder when h(-1) is divided by q.
17
Let o = -144 + 216. Suppose 6*y - o = -0*y. What is the remainder when 28 is divided by y?
4
Let a = 252 + -179. Calculate the remainder when a is divided by 18.
1
Suppose 4*u - 8*u + 3*b + 52 = 0, 3*b - 13 = -u. What is the remainder when (-94)/((-6 - -2) + 2) is divided by u?
8
Let x = 593 + -586. Calculate the remainder when 30 is divided by x.
2
Let h(g) = -g**3 + 6*g**2 + g + 20. Calculate the remainder when 51 is divided by h(6).
25
Let x be (4/5)/((-6)/(-5265)). What is the remainder when x/5 - (-9)/15 is divided by 36?
33
Let p = 13 - 26. Let z = 20 + p. Let r(n) = n**3 + 4*n**2 - 2*n - 3. Calculate the remainder when r(-3) is divided by z.
5
Suppose -4*m + 0*m = 112. Let b = -3 - m. Calculate the remainder when 72 is divided by b.
22
Let h(g) = g**2 - 219*g - 2973. Calculate the remainder when (12/2)/(2/57) is divided by h(-13).
42
Let h = -25 - -35. Suppose 0 = 4*p - 5*p + 142. What is the remainder when p/5 + 4/(-10) is divided by h?
8
Let u = 41 + -26. Let b(w) be the second derivative of -w**5/20 - 5*w**4/12 - w**3 + 5*w. What is the remainder when u is divided by b(-4)?
7
What is the remainder when 556 is divided by (-72)/(-8) + 3 + 1?
10
Let a(m) = 3*m**3 + 42*m**2 - 9*m + 21. What is the remainder when a(-13) is divided by 3?
0
Let j(i) = 7*i**2 + 5*i - 2. Let c be j(-4). Let o = c - 62. Calculate the remainder when 53 is divided by o.
25
Suppose 18 = -4*u + 146. Suppose 4*z - 3*a = 45, -14*a + 17*a = 2*z - 21. What is the remainder when u is divided by z?
8
What is the remainder when 415 is divided by ((-32)/(-8))/(1/25) + 4?
103
Let v(s) = -22*s**3 + 3*s**2 + 5*s + 1. Let d = 111 + -112. What is the remainder when 83 is divided by v(d)?
20
Let g = 65 + -18. Calculate the remainder when g is divided by 18.
11
Suppose -2*m = -2*a + 16, -3*a + 8*a = 3*m + 34. Let h = 34 - -9. Calculate the remainder when h is divided by a.
3
Suppose 5*h - 345 = 4*w + 326, 2*h - 4*w - 278 = 0. Suppose -23 + h = 3*q. Calculate the remainder when 71 is divided by q.
35
What is the remainder when -10 - (-510)/5 - 3 is divided by 17?
4
Suppose -6*p = -1199 + 905. What is the remainder when p is divided by 31?
18
Let r be 2 + (-6 - -2)*1. Let i = 41 + r. What is the remainder when i is divided by 10?
9
Let r be (2*1)/(7 - 5) + -1. Suppose 3*v = 5*i - 21, 4*i = 5*v - r*v + 9. Calculate the remainder when i is divided by 4.
2
Let r(p) = 2*p - 16. Let c be r(10). Suppose 75 = 3*l - c*k, 154 - 54 = 4*l + k. What is the remainder when 98 is divided by l?
23
Suppose 0 = -6*j - 25 - 35. Calcu